{"id":854,"date":"2024-08-04T17:04:57","date_gmt":"2024-08-04T17:04:57","guid":{"rendered":"https:\/\/www.psmassuntacastellarano.it\/wp-2025\/\/?page_id=854"},"modified":"2025-04-15T18:36:32","modified_gmt":"2025-04-15T18:36:32","slug":"famiglie","status":"publish","type":"page","link":"https:\/\/www.psmassuntacastellarano.it\/wp-2025\/home\/famiglie\/","title":{"rendered":"Pastorale Famigliare"},"content":{"rendered":"<p><\/p><h2 class=\"wp-block-heading has-text-align-center\">LA FAMIGLIA NASCE DA UNA SCELTA DI AMORE<\/h2><div class=\"wp-block-columns is-layout-flex wp-container-core-columns-is-layout-1 wp-block-columns-is-layout-flex\"><div class=\"wp-block-column is-layout-flow wp-block-column-is-layout-flow\" style=\"flex-basis:66.66%\"><p style=\"font-size:18px\"><em>l 25 dicembre ricordiamo la nascita di Ges\u00f9, ma non dovremmo dimenticare che questo straordinario dono Divino \u00e8 passato attraverso le scelte di Giuseppe e Maria. Il pi\u00f9 grosso dono di Amore del Padre \u00e8 la nostra libert\u00e0 di scelta:<strong>&nbsp;il nostro libero arbitrio.&nbsp;<\/strong>Giuseppe e Maria hanno fatto una scelta che ha cambiato la storia dell\u2019umanit\u00e0 attraverso la costituzione della Sacra Famiglia.<\/em><\/p><\/div><\/div><div class=\"wp-block-columns is-layout-flex wp-container-core-columns-is-layout-2 wp-block-columns-is-layout-flex\"><div class=\"wp-block-column is-layout-flow wp-block-column-is-layout-flow\" style=\"flex-basis:33.33%\"><\/div>\n\n<div class=\"wp-block-column is-layout-flow wp-block-column-is-layout-flow\" style=\"flex-basis:66.66%\"><p style=\"font-size:18px\"><em>La famiglia \u00e8 al centro del progetto di Dio. La famiglia \u00e8 la cellula fondante della societ\u00e0. La famiglia \u00e8 il centro della nostra vita : \u00e8 il raccordo tra il passato (nelle famiglie di origine) e il futuro attraverso la crescita e l\u2019accompagnamento dei nostri figli e nipoti. E\u2019 un luogo in cui si sperimenta prima<strong>&nbsp;l\u2019amore di gratitudine e sicurezza<\/strong>&nbsp;verso i genitori; poi quello di&nbsp;<strong>attrazione, di ricerca di un riflesso e di validit\u00e0<\/strong>&nbsp;nel coniuge; per arrivare alla&nbsp;<strong>scoperta dell\u2019amore gratuito<\/strong>&nbsp;per le vite che ci sono affidate.<\/em><\/p><\/div><\/div><p class=\"has-text-align-left\" style=\"font-size:18px\"><em>Attraverso queste differenti forme di amore possiamo sperimentare meglio il disegno del Padre Creatore per l\u2019umanit\u00e0.<\/em><\/p><div class=\"wp-block-columns is-layout-flex wp-container-core-columns-is-layout-4 wp-block-columns-is-layout-flex\"><div class=\"wp-block-column is-layout-flow wp-block-column-is-layout-flow\" style=\"flex-basis:100%\"><div class=\"wp-block-columns is-layout-flex wp-container-core-columns-is-layout-3 wp-block-columns-is-layout-flex\"><div class=\"wp-block-column is-layout-flow wp-block-column-is-layout-flow\"><figure class=\"wp-block-video aligncenter\"><video controls src=\"https:\/\/www.psmassuntacastellarano.it\/wp-2025\/\/wp-content\/uploads\/2024\/10\/VIDEO-2024-08-22-08-44-51.mp4\"><\/video><\/figure><\/div><\/div><\/div><\/div><h2 class=\"wp-block-heading has-text-align-center\">UN VIAGGIO DI FEDE E CONDIVISIONE: IL NOSTRO GRUPPO FAMIGLIE<\/h2><div class=\"wp-block-columns is-layout-flex wp-container-core-columns-is-layout-5 wp-block-columns-is-layout-flex\"><div class=\"wp-block-column is-layout-flow wp-block-column-is-layout-flow\" style=\"flex-basis:66.66%\"><p style=\"font-size:18px\">Siamo un gruppo di famiglie che ha sentito l&#8217;esigenza di prendersi del tempo per riflettere e approfondire insieme alcune tematiche della vita quotidiana, partendo dalla Parola. Far parte di questo gruppo significa avere l&#8217;opportunit\u00e0 di confrontarsi con realt\u00e0 diverse &#8211; che si tratti di abitudini, attivit\u00e0 lavorative o percorsi di fede &#8211; e di condividere limiti e difficolt\u00e0, cos\u00ec come competenze e abilit\u00e0, che possono essere di ispirazione e supporto per gli altri.<\/p><\/div>\n\n<div class=\"wp-block-column is-layout-flow wp-block-column-is-layout-flow\" style=\"flex-basis:33.33%\"><\/div><\/div><div class=\"wp-block-columns is-layout-flex wp-container-core-columns-is-layout-6 wp-block-columns-is-layout-flex\"><div class=\"wp-block-column is-layout-flow wp-block-column-is-layout-flow\" style=\"flex-basis:33.33%\"><\/div>\n\n<div class=\"wp-block-column is-layout-flow wp-block-column-is-layout-flow\" style=\"flex-basis:66.66%\"><p style=\"font-size:18px\">Fondato nel 2021, il nostro gruppo ha gi\u00e0 avuto l&#8217;opportunit\u00e0 di affrontare molti argomenti, grazie al prezioso supporto del nostro parroco, dei diaconi, delle testimonianze e dei sussidi offerti dalla pastorale familiare diocesana. Tra i temi trattati ci sono stati &#8220;Amoris Laetitia&#8221; e l&#8217;amore di coppia, il &#8220;Quelet&#8221; e l&#8217;importanza del tempo, la &#8220;Sapienza&#8221; e il rapporto con i figli. Ci incontriamo generalmente l&#8217;ultimo sabato del mese, nel tardo pomeriggio, presso la parrocchia. I nostri incontri non sono solo momenti di riflessione, ma anche di convivialit\u00e0, arricchiti da gite fuori porta in giornata, come quelle a San Luca, Ravenna e al Santuario della Madonna della Corona.<\/p><\/div><\/div><div class=\"wp-block-columns is-layout-flex wp-container-core-columns-is-layout-7 wp-block-columns-is-layout-flex\"><div class=\"wp-block-column is-layout-flow wp-block-column-is-layout-flow\" style=\"flex-basis:100%\"><p style=\"font-size:18px\"><strong>Siamo sempre felici di accogliere nuove famiglie che desiderano unirsi a noi in questo percorso di crescita e condivisione.<\/strong><\/p><\/div><\/div>","protected":false},"excerpt":{"rendered":"<p>LA FAMIGLIA NASCE DA UNA SCELTA DI AMORE l 25 dicembre ricordiamo la nascita di Ges\u00f9, ma non dovremmo dimenticare che questo straordinario dono Divino \u00e8 passato attraverso le scelte di Giuseppe e Maria. Il pi\u00f9 grosso dono di Amore del Padre \u00e8 la nostra libert\u00e0 di scelta:&nbsp;il nostro libero arbitrio.&nbsp;Giuseppe e Maria hanno fatto una scelta che ha cambiato la storia dell\u2019umanit\u00e0 attraverso la costituzione della Sacra Famiglia. La famiglia \u00e8 al centro del progetto di Dio. La famiglia \u00e8 la cellula fondante della societ\u00e0. La famiglia \u00e8 il centro della nostra vita : \u00e8 il raccordo tra il passato (nelle famiglie di origine) e il futuro attraverso la crescita e l\u2019accompagnamento dei nostri figli e nipoti. E\u2019 un luogo in cui si sperimenta prima&nbsp;l\u2019amore di gratitudine e sicurezza&nbsp;verso i genitori; poi quello di&nbsp;attrazione, di ricerca di un riflesso e di validit\u00e0&nbsp;nel coniuge; per arrivare alla&nbsp;scoperta dell\u2019amore gratuito&nbsp;per le vite che ci sono affidate. Attraverso queste differenti forme di amore possiamo sperimentare meglio il disegno del Padre Creatore per l\u2019umanit\u00e0. UN VIAGGIO DI FEDE E CONDIVISIONE: IL NOSTRO GRUPPO FAMIGLIE Siamo un gruppo di famiglie che ha sentito l&#8217;esigenza di prendersi del tempo per riflettere e approfondire insieme alcune tematiche della vita quotidiana, partendo dalla Parola. Far parte di questo gruppo significa avere l&#8217;opportunit\u00e0 di confrontarsi con realt\u00e0 diverse &#8211; che si tratti di abitudini, attivit\u00e0 lavorative o percorsi di fede &#8211; e di condividere limiti e difficolt\u00e0, cos\u00ec come competenze e abilit\u00e0, che possono essere di ispirazione e supporto per gli altri. Fondato nel 2021, il nostro gruppo ha gi\u00e0 avuto l&#8217;opportunit\u00e0 di affrontare molti argomenti, grazie al prezioso supporto del nostro parroco, dei diaconi, delle testimonianze e dei sussidi offerti dalla pastorale familiare diocesana. Tra i temi trattati ci sono stati &#8220;Amoris Laetitia&#8221; e l&#8217;amore di coppia, il &#8220;Quelet&#8221; e l&#8217;importanza del tempo, la &#8220;Sapienza&#8221; e il rapporto con i figli. Ci incontriamo generalmente l&#8217;ultimo sabato del mese, nel tardo pomeriggio, presso la parrocchia. I nostri incontri non sono solo momenti di riflessione, ma anche di convivialit\u00e0, arricchiti da gite fuori porta in giornata, come quelle a San Luca, Ravenna e al Santuario della Madonna della Corona. Siamo sempre felici di accogliere nuove famiglie che desiderano unirsi a noi in questo percorso di crescita e condivisione.<\/p>\n","protected":false},"author":1,"featured_media":0,"parent":682,"menu_order":0,"comment_status":"closed","ping_status":"closed","template":"template-home-second.php","meta":{"_monsterinsights_skip_tracking":false,"_monsterinsights_sitenote_active":false,"_monsterinsights_sitenote_note":"","_monsterinsights_sitenote_category":0,"footnotes":""},"class_list":["post-854","page","type-page","status-publish","hentry"],"aioseo_notices":[],"_links":{"self":[{"href":"https:\/\/www.psmassuntacastellarano.it\/wp-2025\/wp-json\/wp\/v2\/pages\/854","targetHints":{"allow":["GET"]}}],"collection":[{"href":"https:\/\/www.psmassuntacastellarano.it\/wp-2025\/wp-json\/wp\/v2\/pages"}],"about":[{"href":"https:\/\/www.psmassuntacastellarano.it\/wp-2025\/wp-json\/wp\/v2\/types\/page"}],"author":[{"embeddable":true,"href":"https:\/\/www.psmassuntacastellarano.it\/wp-2025\/wp-json\/wp\/v2\/users\/1"}],"replies":[{"embeddable":true,"href":"https:\/\/www.psmassuntacastellarano.it\/wp-2025\/wp-json\/wp\/v2\/comments?post=854"}],"version-history":[{"count":52,"href":"https:\/\/www.psmassuntacastellarano.it\/wp-2025\/wp-json\/wp\/v2\/pages\/854\/revisions"}],"predecessor-version":[{"id":2031,"href":"https:\/\/www.psmassuntacastellarano.it\/wp-2025\/wp-json\/wp\/v2\/pages\/854\/revisions\/2031"}],"up":[{"embeddable":true,"href":"https:\/\/www.psmassuntacastellarano.it\/wp-2025\/wp-json\/wp\/v2\/pages\/682"}],"wp:attachment":[{"href":"https:\/\/www.psmassuntacastellarano.it\/wp-2025\/wp-json\/wp\/v2\/media?parent=854"}],"curies":[{"name":"wp","href":"https:\/\/api.w.org\/{rel}","templated":true}]}}