{"id":2,"date":"2024-05-19T16:07:11","date_gmt":"2024-05-19T16:07:11","guid":{"rendered":"https:\/\/www.psmassuntacastellarano.it\/wp-2025\/\/?page_id=2"},"modified":"2025-01-18T22:07:20","modified_gmt":"2025-01-18T22:07:20","slug":"sacramenti","status":"publish","type":"page","link":"https:\/\/www.psmassuntacastellarano.it\/wp-2025\/sacramenti\/","title":{"rendered":"I sacramenti"},"content":{"rendered":"<p class=\"has-text-align-left\" style=\"font-size:18px\">Ogni istante di vita \u00e8 prezioso, ma in certi momenti sentiamo con maggior intensit\u00e0 la gioia di esistere.<\/p><p class=\"has-text-align-left\" style=\"font-size:18px\">Il volto della Chiesa rivela la presenza di Ges\u00f9, ma quando si celebrano i sacramenti questa presenza si fa pi\u00f9 forte.<\/p><p class=\"has-text-align-left\" style=\"font-size:18px\"> Ges\u00f9 ha voluto i sacramenti per manifestare il suo amore nei momenti particolari della vita degli uomini. Questi segni di salvezza sono affidati alla Chiesa. <br>In essi riceviamo lo Spirito Santo con la sua grazia che ci santifica e ci unisce alla vita nuova di Ges\u00f9 risorto. Nei sacramenti Ges\u00f9 dona il suo Spirito ai credenti e li trasforma in popolo santo.<\/p><blockquote class=\"wp-block-quote is-layout-flow wp-block-quote-is-layout-flow\"><p style=\"font-size:18px\"><\/p><\/blockquote><div class=\"wp-block-columns is-layout-flex wp-container-core-columns-is-layout-1 wp-block-columns-is-layout-flex\"><div class=\"wp-block-column is-layout-flow wp-block-column-is-layout-flow\" style=\"flex-basis:33.33%\"><figure class=\"wp-block-image size-full is-resized\"><img loading=\"lazy\" decoding=\"async\" width=\"400\" height=\"400\" src=\"https:\/\/www.psmassuntacastellarano.it\/wp-2025\/\/wp-content\/uploads\/2024\/10\/Francesco_400x400.jpg\" alt=\"\" class=\"wp-image-1812\" style=\"width:277px;height:auto\" srcset=\"https:\/\/www.psmassuntacastellarano.it\/wp-2025\/wp-content\/uploads\/2024\/10\/Francesco_400x400.jpg 400w, https:\/\/www.psmassuntacastellarano.it\/wp-2025\/wp-content\/uploads\/2024\/10\/Francesco_400x400-300x300.jpg 300w, https:\/\/www.psmassuntacastellarano.it\/wp-2025\/wp-content\/uploads\/2024\/10\/Francesco_400x400-150x150.jpg 150w, https:\/\/www.psmassuntacastellarano.it\/wp-2025\/wp-content\/uploads\/2024\/10\/Francesco_400x400-100x100.jpg 100w, https:\/\/www.psmassuntacastellarano.it\/wp-2025\/wp-content\/uploads\/2024\/10\/Francesco_400x400-210x210.jpg 210w\" sizes=\"auto, (max-width: 400px) 100vw, 400px\" \/><\/figure><\/div>\n\n<div class=\"wp-block-column is-layout-flow wp-block-column-is-layout-flow\" style=\"flex-basis:66.66%\"><p style=\"font-size:18px\"><em>\u00a0I Sacramenti, non sono semplicemente riti, bens\u00ec \u00absono la forza di Cristo, c\u2019\u00e8 Ges\u00f9 Cristo.<\/em><\/p>\n\n<p style=\"font-size:18px\"><em> Quando celebriamo la Messa, nell\u2019Eucaristia c\u2019\u00e8 Ges\u00f9 vivo, proprio Lui, vivo, che ci raduna, ci fa comunit\u00e0, ci fa adorare il Padre\u00bb. <\/em><\/p>\n\n<p style=\"font-size:18px\"><em>Battesimo, Eucarestia e Confermazione sono infatti gesti che incorporano il fedele a Cristo, e in questo a tutta la comunit\u00e0 dei credenti. <\/em><\/p>\n\n<p style=\"font-size:18px\"><em>Cos\u00ec, tanto \u00e8 la Chiesa a \u201cfare\u201d i Sacramenti, quanto sono quest\u2019ultimi a \u201cfare\u201d la Chiesa, \u00abla edificano, generando nuovi figli, aggregandoli al popolo santo di Dio, consolidando la loro appartenenza\u00bb.<\/em> <br>Papa Francesco<\/p><\/div><\/div><hr class=\"fw\">\n<h3>Sacramenti<\/h3>\n              \t<hr class=\"sm\"><ul class=\"members-list row\"><li class=\"col-md-3 col-sm-4 col-xs-6\"><a data-toggle=\"modal\" data-target=\"#team-modal-3438\" href=\"#\"><img decoding=\"async\" src=\"https:\/\/www.psmassuntacastellarano.it\/wp-2025\/wp-content\/uploads\/2024\/09\/6-1-100x100.png\" class=\"attachment-100x100 size-100x100 wp-post-image\" alt=\"\" srcset=\"https:\/\/www.psmassuntacastellarano.it\/wp-2025\/wp-content\/uploads\/2024\/09\/6-1-100x100.png 100w, https:\/\/www.psmassuntacastellarano.it\/wp-2025\/wp-content\/uploads\/2024\/09\/6-1-300x300.png 300w, https:\/\/www.psmassuntacastellarano.it\/wp-2025\/wp-content\/uploads\/2024\/09\/6-1-150x150.png 150w, https:\/\/www.psmassuntacastellarano.it\/wp-2025\/wp-content\/uploads\/2024\/09\/6-1-400x400.png 400w, https:\/\/www.psmassuntacastellarano.it\/wp-2025\/wp-content\/uploads\/2024\/09\/6-1-210x210.png 210w, https:\/\/www.psmassuntacastellarano.it\/wp-2025\/wp-content\/uploads\/2024\/09\/6-1.png 500w\" sizes=\"(max-width: 100px) 100vw, 100px\" \/><\/a><h5><a data-toggle=\"modal\" data-target=\"#team-modal-3438\" href=\"#\" class=\"\">Battesimo<\/a><\/h5><span class=\"meta-data\"><\/span><\/li><div class=\"modal fade team-modal\" id=\"team-modal-3438\" tabindex=\"-1\" role=\"dialog\" aria-labelledby=\"myModalLabel\" aria-hidden=\"true\">\n                      <div class=\"modal-dialog modal-lg\">\n                        <div class=\"modal-content\">\n                          <div class=\"modal-header\">\n                            <button type=\"button\" class=\"close\" data-dismiss=\"modal\" aria-hidden=\"true\">&times;<\/button>\n                            <h4 class=\"modal-title\" id=\"myModalLabel\">Team Members<\/h4>\n                          <\/div>\n                            <div class=\"modal-body\">\n                                <div class=\"staff-item\">\n                                <div class=\"row\">\n                                    <div class=\"col-md-5 col-sm-6\">\n                                    \t<img decoding=\"async\" src=\"https:\/\/www.psmassuntacastellarano.it\/wp-2025\/wp-content\/uploads\/2024\/09\/6-1-500x400.png\" class=\"img-thumbnail wp-post-image\" alt=\"\" \/>\n                                    <\/div>\n                                    <div class=\"col-md-7 col-sm-6\">\n                                    \t<h3 class=\"short\">Battesimo<\/h3>\n                                    \t<span class=\"meta-data\"><\/span><div class=\"spacer-10\"><\/div><blockquote>\r\n<p style=\"text-align: left;\" align=\"center\"><strong>Prima ancora di nascere, Dio Padre ci ama, da sempre pensa a noi.<\/strong><\/p>\r\n<p style=\"text-align: left;\" align=\"center\"><strong>Dio Padre non vuole che nessuno viva solo. Chiama tutti nella sua famiglia, la Chiesa.<\/strong><\/p>\r\n<p style=\"text-align: left;\" align=\"center\"><strong>Con il Battesimo entriamo a far parte della Chiesa; diventiamo figli di Dio e fratelli di Ges\u00f9 e di quanti credono in Lui.<\/strong><\/p>\r\n<\/blockquote><\/div>\n                                <\/div>\n                            <\/div>\n                            <\/div>\n                        <\/div>\n                      <\/div>\n                    <\/div><li class=\"col-md-3 col-sm-4 col-xs-6\"><a data-toggle=\"modal\" data-target=\"#team-modal-3440\" href=\"#\"><img decoding=\"async\" src=\"https:\/\/www.psmassuntacastellarano.it\/wp-2025\/wp-content\/uploads\/2024\/09\/8-100x100.png\" class=\"attachment-100x100 size-100x100 wp-post-image\" alt=\"\" srcset=\"https:\/\/www.psmassuntacastellarano.it\/wp-2025\/wp-content\/uploads\/2024\/09\/8-100x100.png 100w, https:\/\/www.psmassuntacastellarano.it\/wp-2025\/wp-content\/uploads\/2024\/09\/8-300x300.png 300w, https:\/\/www.psmassuntacastellarano.it\/wp-2025\/wp-content\/uploads\/2024\/09\/8-150x150.png 150w, https:\/\/www.psmassuntacastellarano.it\/wp-2025\/wp-content\/uploads\/2024\/09\/8-400x400.png 400w, https:\/\/www.psmassuntacastellarano.it\/wp-2025\/wp-content\/uploads\/2024\/09\/8-210x210.png 210w, https:\/\/www.psmassuntacastellarano.it\/wp-2025\/wp-content\/uploads\/2024\/09\/8.png 500w\" sizes=\"(max-width: 100px) 100vw, 100px\" \/><\/a><h5><a data-toggle=\"modal\" data-target=\"#team-modal-3440\" href=\"#\" class=\"\">Eucarestia<\/a><\/h5><span class=\"meta-data\"><\/span><\/li><div class=\"modal fade team-modal\" id=\"team-modal-3440\" tabindex=\"-1\" role=\"dialog\" aria-labelledby=\"myModalLabel\" aria-hidden=\"true\">\n                      <div class=\"modal-dialog modal-lg\">\n                        <div class=\"modal-content\">\n                          <div class=\"modal-header\">\n                            <button type=\"button\" class=\"close\" data-dismiss=\"modal\" aria-hidden=\"true\">&times;<\/button>\n                            <h4 class=\"modal-title\" id=\"myModalLabel\">Team Members<\/h4>\n                          <\/div>\n                            <div class=\"modal-body\">\n                                <div class=\"staff-item\">\n                                <div class=\"row\">\n                                    <div class=\"col-md-5 col-sm-6\">\n                                    \t<img decoding=\"async\" src=\"https:\/\/www.psmassuntacastellarano.it\/wp-2025\/wp-content\/uploads\/2024\/09\/8-500x400.png\" class=\"img-thumbnail wp-post-image\" alt=\"\" \/>\n                                    <\/div>\n                                    <div class=\"col-md-7 col-sm-6\">\n                                    \t<h3 class=\"short\">Eucarestia<\/h3>\n                                    \t<span class=\"meta-data\"><\/span><div class=\"spacer-10\"><\/div><blockquote>\n<p style=\"text-align: left;\">\u00c8 il Corpo di Cristo ci\u00f2 che mangi; tu diventi corpo di Cristo; \u00e8 Corpo di Cristo la Chiesa che te lo porge!<\/p>\n<p style=\"text-align: left;\">Non \u00e8 pane quel pezzetto di pane, e tu non sei pi\u00f9 un semplice uomo, e l\u2019assemblea non \u00e8 pi\u00f9 solo un\u2019adunanza di uomini, ma qui ora c\u2019\u00e8 davvero Cristo Ges\u00f9!<\/p>\n<p style=\"text-align: left;\">Tu mangi lui, sei diventato lui, e vivrai in maniera degna di lui con la forza che egli stesso ora ti dona; l\u2019assemblea \u00e8 una schiera di santi, amati da Dio, che formano il Corpo di Cristo e rispondono a lui con l\u2019amore di chi vuol vivere ormai solo con lui e per lui! La Comunione! Ombra e splendore di paradiso!<\/p>\n<p style=\"text-align: left;\">Con la santa Comunione noi siamo diventati Corpo di Cristo, ma anche lui, il Signore Ges\u00f9, \u00e8 diventato nostro!<\/p>\n<p style=\"text-align: left;\">L\u2019orazione dopo la Comunione conclude il silenzio: con essa chiediamo a Dio che il Corpo di Cristo porti frutto attraverso di noi nel mondo in cui viviamo!<\/p>\n<\/blockquote>\n<\/div>\n                                <\/div>\n                            <\/div>\n                            <\/div>\n                        <\/div>\n                      <\/div>\n                    <\/div><li class=\"col-md-3 col-sm-4 col-xs-6\"><a data-toggle=\"modal\" data-target=\"#team-modal-3442\" href=\"#\"><img decoding=\"async\" src=\"https:\/\/www.psmassuntacastellarano.it\/wp-2025\/wp-content\/uploads\/2024\/09\/7-100x100.png\" class=\"attachment-100x100 size-100x100 wp-post-image\" alt=\"\" srcset=\"https:\/\/www.psmassuntacastellarano.it\/wp-2025\/wp-content\/uploads\/2024\/09\/7-100x100.png 100w, https:\/\/www.psmassuntacastellarano.it\/wp-2025\/wp-content\/uploads\/2024\/09\/7-300x300.png 300w, https:\/\/www.psmassuntacastellarano.it\/wp-2025\/wp-content\/uploads\/2024\/09\/7-150x150.png 150w, https:\/\/www.psmassuntacastellarano.it\/wp-2025\/wp-content\/uploads\/2024\/09\/7-400x400.png 400w, https:\/\/www.psmassuntacastellarano.it\/wp-2025\/wp-content\/uploads\/2024\/09\/7-210x210.png 210w, https:\/\/www.psmassuntacastellarano.it\/wp-2025\/wp-content\/uploads\/2024\/09\/7.png 500w\" sizes=\"(max-width: 100px) 100vw, 100px\" \/><\/a><h5><a data-toggle=\"modal\" data-target=\"#team-modal-3442\" href=\"#\" class=\"\">Riconciliazione<\/a><\/h5><span class=\"meta-data\"><\/span><\/li><div class=\"modal fade team-modal\" id=\"team-modal-3442\" tabindex=\"-1\" role=\"dialog\" aria-labelledby=\"myModalLabel\" aria-hidden=\"true\">\n                      <div class=\"modal-dialog modal-lg\">\n                        <div class=\"modal-content\">\n                          <div class=\"modal-header\">\n                            <button type=\"button\" class=\"close\" data-dismiss=\"modal\" aria-hidden=\"true\">&times;<\/button>\n                            <h4 class=\"modal-title\" id=\"myModalLabel\">Team Members<\/h4>\n                          <\/div>\n                            <div class=\"modal-body\">\n                                <div class=\"staff-item\">\n                                <div class=\"row\">\n                                    <div class=\"col-md-5 col-sm-6\">\n                                    \t<img decoding=\"async\" src=\"https:\/\/www.psmassuntacastellarano.it\/wp-2025\/wp-content\/uploads\/2024\/09\/7-500x400.png\" class=\"img-thumbnail wp-post-image\" alt=\"\" \/>\n                                    <\/div>\n                                    <div class=\"col-md-7 col-sm-6\">\n                                    \t<h3 class=\"short\">Riconciliazione<\/h3>\n                                    \t<span class=\"meta-data\"><\/span><div class=\"spacer-10\"><\/div><blockquote>\n<p style=\"text-align: left;\">Nella conversione e nella calma sta la vostra salvezza\u201d (Is 30,15)<\/p>\n<p style=\"text-align: left;\">Ci accorgiamo che la nostra vita \u00e8 sempre minacciata e messa in pericolo da tante cose.<\/p>\n<p style=\"text-align: left;\">La nostra debolezza, gli insuccessi, la disonest\u00e0 e l\u2019egoismo nei rapporti tra le persone, le malattie, la morte: tutte queste cose ci rattristano e ci preoccupano.<\/p>\n<p style=\"text-align: left;\">A tutto questo possiamo tentare di trovare delle soluzioni. La soluzione che ci insegna la parola di Dio \u00e8 la conversione:<\/p>\n<p style=\"text-align: left;\">per affrontare i problemi nel modo giusto e trovare la pace dobbiamo volgerci verso Dio e cominciare a fidarci di Lui e a misurare la nostra vita partendo dai suoi giudizi e dalla sua volont\u00e0.<\/p>\n<\/blockquote>\n<p>&nbsp;<\/p>\n<\/div>\n                                <\/div>\n                            <\/div>\n                            <\/div>\n                        <\/div>\n                      <\/div>\n                    <\/div><li class=\"col-md-3 col-sm-4 col-xs-6\"><a data-toggle=\"modal\" data-target=\"#team-modal-3444\" href=\"#\"><img decoding=\"async\" src=\"https:\/\/www.psmassuntacastellarano.it\/wp-2025\/wp-content\/uploads\/2024\/09\/10-100x100.png\" class=\"attachment-100x100 size-100x100 wp-post-image\" alt=\"\" srcset=\"https:\/\/www.psmassuntacastellarano.it\/wp-2025\/wp-content\/uploads\/2024\/09\/10-100x100.png 100w, https:\/\/www.psmassuntacastellarano.it\/wp-2025\/wp-content\/uploads\/2024\/09\/10-300x300.png 300w, https:\/\/www.psmassuntacastellarano.it\/wp-2025\/wp-content\/uploads\/2024\/09\/10-150x150.png 150w, https:\/\/www.psmassuntacastellarano.it\/wp-2025\/wp-content\/uploads\/2024\/09\/10-400x400.png 400w, https:\/\/www.psmassuntacastellarano.it\/wp-2025\/wp-content\/uploads\/2024\/09\/10-210x210.png 210w, https:\/\/www.psmassuntacastellarano.it\/wp-2025\/wp-content\/uploads\/2024\/09\/10.png 500w\" sizes=\"(max-width: 100px) 100vw, 100px\" \/><\/a><h5><a data-toggle=\"modal\" data-target=\"#team-modal-3444\" href=\"#\" class=\"\">Matrimonio<\/a><\/h5><span class=\"meta-data\"><\/span><\/li><div class=\"modal fade team-modal\" id=\"team-modal-3444\" tabindex=\"-1\" role=\"dialog\" aria-labelledby=\"myModalLabel\" aria-hidden=\"true\">\n                      <div class=\"modal-dialog modal-lg\">\n                        <div class=\"modal-content\">\n                          <div class=\"modal-header\">\n                            <button type=\"button\" class=\"close\" data-dismiss=\"modal\" aria-hidden=\"true\">&times;<\/button>\n                            <h4 class=\"modal-title\" id=\"myModalLabel\">Team Members<\/h4>\n                          <\/div>\n                            <div class=\"modal-body\">\n                                <div class=\"staff-item\">\n                                <div class=\"row\">\n                                    <div class=\"col-md-5 col-sm-6\">\n                                    \t<img decoding=\"async\" src=\"https:\/\/www.psmassuntacastellarano.it\/wp-2025\/wp-content\/uploads\/2024\/09\/10-500x400.png\" class=\"img-thumbnail wp-post-image\" alt=\"\" \/>\n                                    <\/div>\n                                    <div class=\"col-md-7 col-sm-6\">\n                                    \t<h3 class=\"short\">Matrimonio<\/h3>\n                                    \t<span class=\"meta-data\"><\/span><div class=\"spacer-10\"><\/div><blockquote>\n<p style=\"text-align: left;\">\u00a0Nella visione cristiana del matrimonio, la relazione tra un uomo e una donna,<\/p>\n<p style=\"text-align: left;\">relazione reciproca e totale, unica e indissolubile, risponde al disegno originale di Dio,<\/p>\n<p style=\"text-align: left;\">offuscato nella storia dalla \u201cdurezza del cuore\u201d, ma che Cristo \u00e8 venuto a restaurare nel suo splendore originario,<\/p>\n<p style=\"text-align: left;\">svelando ci\u00f2 che Dio ha voluto fin \u201cdal principio\u201d (Mt.19, 8).<\/p>\n<p style=\"text-align: left;\">Nel matrimonio, elevato alla dignit\u00e0 di Sacramento, \u00e8 espresso, poi, il \u201cgrande mistero\u201d dell\u2019amore sponsale di Cristo per la sua Chiesa (Ef.5,32)<\/p>\n<p style=\"text-align: left;\">Novo Millennio ineunte\u201d, n 47<\/p>\n<\/blockquote>\n<\/div>\n                                <\/div>\n                            <\/div>\n                            <\/div>\n                        <\/div>\n                      <\/div>\n                    <\/div><li class=\"col-md-3 col-sm-4 col-xs-6\"><a data-toggle=\"modal\" data-target=\"#team-modal-3446\" href=\"#\"><img decoding=\"async\" src=\"https:\/\/www.psmassuntacastellarano.it\/wp-2025\/wp-content\/uploads\/2024\/09\/9-100x100.png\" class=\"attachment-100x100 size-100x100 wp-post-image\" alt=\"\" srcset=\"https:\/\/www.psmassuntacastellarano.it\/wp-2025\/wp-content\/uploads\/2024\/09\/9-100x100.png 100w, https:\/\/www.psmassuntacastellarano.it\/wp-2025\/wp-content\/uploads\/2024\/09\/9-300x300.png 300w, https:\/\/www.psmassuntacastellarano.it\/wp-2025\/wp-content\/uploads\/2024\/09\/9-150x150.png 150w, https:\/\/www.psmassuntacastellarano.it\/wp-2025\/wp-content\/uploads\/2024\/09\/9-400x400.png 400w, https:\/\/www.psmassuntacastellarano.it\/wp-2025\/wp-content\/uploads\/2024\/09\/9-210x210.png 210w, https:\/\/www.psmassuntacastellarano.it\/wp-2025\/wp-content\/uploads\/2024\/09\/9.png 500w\" sizes=\"(max-width: 100px) 100vw, 100px\" \/><\/a><h5><a data-toggle=\"modal\" data-target=\"#team-modal-3446\" href=\"#\" class=\"\">Cresima<\/a><\/h5><span class=\"meta-data\"><\/span><\/li><div class=\"modal fade team-modal\" id=\"team-modal-3446\" tabindex=\"-1\" role=\"dialog\" aria-labelledby=\"myModalLabel\" aria-hidden=\"true\">\n                      <div class=\"modal-dialog modal-lg\">\n                        <div class=\"modal-content\">\n                          <div class=\"modal-header\">\n                            <button type=\"button\" class=\"close\" data-dismiss=\"modal\" aria-hidden=\"true\">&times;<\/button>\n                            <h4 class=\"modal-title\" id=\"myModalLabel\">Team Members<\/h4>\n                          <\/div>\n                            <div class=\"modal-body\">\n                                <div class=\"staff-item\">\n                                <div class=\"row\">\n                                    <div class=\"col-md-5 col-sm-6\">\n                                    \t<img decoding=\"async\" src=\"https:\/\/www.psmassuntacastellarano.it\/wp-2025\/wp-content\/uploads\/2024\/09\/9-500x400.png\" class=\"img-thumbnail wp-post-image\" alt=\"\" \/>\n                                    <\/div>\n                                    <div class=\"col-md-7 col-sm-6\">\n                                    \t<h3 class=\"short\">Cresima<\/h3>\n                                    \t<span class=\"meta-data\"><\/span><div class=\"spacer-10\"><\/div><blockquote>\n<p style=\"text-align: left;\">Vieni, Spirito Santo, e invia dall\u2019alto del Cielo un raggio della tua luce.<\/p>\n<p style=\"text-align: left;\">Vieni in noi, Padre dei poveri, vieni donatore di tutti i beni, vieni luce dei cuori!<\/p>\n<p style=\"text-align: left;\">Tu sei il buonissimo consolatore, l\u2019Ospite dolcissimo delle nostre anime, la rinfrescante dolcezza.<\/p>\n<p style=\"text-align: left;\">Tu sei il riposo nel lavoro, tu sei il tepore nella canicola, tu sei la consolazione nel pianto.<\/p>\n<p style=\"text-align: left;\">O benevola luce, vieni a riempire fin nell\u2019intimo i cuori dei tuoi fedeli!<\/p>\n<p style=\"text-align: left;\">Senza la divina Potenza, non vi \u00e8 niente nell\u2019uomo, niente che sia santo.<\/p>\n<p style=\"text-align: left;\">Lava ci\u00f2 che \u00e8 sporco, bagna ci\u00f2 che \u00e8 arido, guarisci ci\u00f2 che \u00e8 ferito!<\/p>\n<p style=\"text-align: left;\">Ammorbidisci ci\u00f2 che \u00e8 rigido, riscalda ci\u00f2 che \u00e8 freddo, raddrizza ci\u00f2 che \u00e8 storto!<\/p>\n<p style=\"text-align: left;\">Dona ai tuoi fedeli che confidano in te i tuoi sette doni sacri!<\/p>\n<p style=\"text-align: left;\">Dona loro il merito delle virt\u00f9, dona loro di lasciare bene questa vita, dona loro la Gioia eterna!<\/p>\n<p style=\"text-align: left;\">Amen.<\/p>\n<\/blockquote>\n<\/div>\n                                <\/div>\n                            <\/div>\n                            <\/div>\n                        <\/div>\n                      <\/div>\n                    <\/div><li class=\"col-md-3 col-sm-4 col-xs-6\"><a data-toggle=\"modal\" data-target=\"#team-modal-3583\" href=\"#\"><img decoding=\"async\" src=\"https:\/\/www.psmassuntacastellarano.it\/wp-2025\/wp-content\/uploads\/2024\/09\/12-100x100.png\" class=\"attachment-100x100 size-100x100 wp-post-image\" alt=\"unzione degli infermi\" srcset=\"https:\/\/www.psmassuntacastellarano.it\/wp-2025\/wp-content\/uploads\/2024\/09\/12-100x100.png 100w, https:\/\/www.psmassuntacastellarano.it\/wp-2025\/wp-content\/uploads\/2024\/09\/12-300x300.png 300w, https:\/\/www.psmassuntacastellarano.it\/wp-2025\/wp-content\/uploads\/2024\/09\/12-150x150.png 150w, https:\/\/www.psmassuntacastellarano.it\/wp-2025\/wp-content\/uploads\/2024\/09\/12-400x400.png 400w, https:\/\/www.psmassuntacastellarano.it\/wp-2025\/wp-content\/uploads\/2024\/09\/12-210x210.png 210w, https:\/\/www.psmassuntacastellarano.it\/wp-2025\/wp-content\/uploads\/2024\/09\/12.png 500w\" sizes=\"(max-width: 100px) 100vw, 100px\" \/><\/a><h5><a data-toggle=\"modal\" data-target=\"#team-modal-3583\" href=\"#\" class=\"\">Unzione degli infermi<\/a><\/h5><span class=\"meta-data\"><\/span><\/li><div class=\"modal fade team-modal\" id=\"team-modal-3583\" tabindex=\"-1\" role=\"dialog\" aria-labelledby=\"myModalLabel\" aria-hidden=\"true\">\n                      <div class=\"modal-dialog modal-lg\">\n                        <div class=\"modal-content\">\n                          <div class=\"modal-header\">\n                            <button type=\"button\" class=\"close\" data-dismiss=\"modal\" aria-hidden=\"true\">&times;<\/button>\n                            <h4 class=\"modal-title\" id=\"myModalLabel\">Team Members<\/h4>\n                          <\/div>\n                            <div class=\"modal-body\">\n                                <div class=\"staff-item\">\n                                <div class=\"row\">\n                                    <div class=\"col-md-5 col-sm-6\">\n                                    \t<img decoding=\"async\" src=\"https:\/\/www.psmassuntacastellarano.it\/wp-2025\/wp-content\/uploads\/2024\/09\/12-500x400.png\" class=\"img-thumbnail wp-post-image\" alt=\"unzione degli infermi\" \/>\n                                    <\/div>\n                                    <div class=\"col-md-7 col-sm-6\">\n                                    \t<h3 class=\"short\">Unzione degli infermi<\/h3>\n                                    \t<span class=\"meta-data\"><\/span><div class=\"spacer-10\"><\/div><blockquote>\n<p class=\"p1\">Con la sacra Unzione degli infermi e la preghiera dei presbiteri, tutta la Chiesa raccomanda gli ammalati al Signore sofferente e glorificato, perch\u00e9 alleggerisca le loro pene e li salvi, anzi li esorta a unirsi spontaneamente alla passione e alla morte di Cristo, per contribuire cos\u00ec al bene del popolo di Dio<\/p>\n<p class=\"p1\"><em>Lumen gentium, 11: AAS 57 (1965) 15<\/em><\/p>\n<\/blockquote>\n<\/div>\n                                <\/div>\n                            <\/div>\n                            <\/div>\n                        <\/div>\n                      <\/div>\n                    <\/div><\/ul>","protected":false},"excerpt":{"rendered":"<p>Ogni istante di vita \u00e8 prezioso, ma in certi momenti sentiamo con maggior intensit\u00e0 la gioia di esistere. Il volto della Chiesa rivela la presenza di Ges\u00f9, ma quando si celebrano i sacramenti questa presenza si fa pi\u00f9 forte. Ges\u00f9 ha voluto i sacramenti per manifestare il suo amore nei momenti particolari della vita degli uomini. Questi segni di salvezza sono affidati alla Chiesa. In essi riceviamo lo Spirito Santo con la sua grazia che ci santifica e ci unisce alla vita nuova di Ges\u00f9 risorto. Nei sacramenti Ges\u00f9 dona il suo Spirito ai credenti e li trasforma in popolo santo. \u00a0I Sacramenti, non sono semplicemente riti, bens\u00ec \u00absono la forza di Cristo, c\u2019\u00e8 Ges\u00f9 Cristo. Quando celebriamo la Messa, nell\u2019Eucaristia c\u2019\u00e8 Ges\u00f9 vivo, proprio Lui, vivo, che ci raduna, ci fa comunit\u00e0, ci fa adorare il Padre\u00bb. Battesimo, Eucarestia e Confermazione sono infatti gesti che incorporano il fedele a Cristo, e in questo a tutta la comunit\u00e0 dei credenti. Cos\u00ec, tanto \u00e8 la Chiesa a \u201cfare\u201d i Sacramenti, quanto sono quest\u2019ultimi a \u201cfare\u201d la Chiesa, \u00abla edificano, generando nuovi figli, aggregandoli al popolo santo di Dio, consolidando la loro appartenenza\u00bb. Papa Francesco<\/p>\n","protected":false},"author":1,"featured_media":0,"parent":0,"menu_order":0,"comment_status":"closed","ping_status":"closed","template":"template-home.php","meta":{"_monsterinsights_skip_tracking":false,"_monsterinsights_sitenote_active":false,"_monsterinsights_sitenote_note":"","_monsterinsights_sitenote_category":0,"footnotes":""},"class_list":["post-2","page","type-page","status-publish","hentry"],"aioseo_notices":[],"_links":{"self":[{"href":"https:\/\/www.psmassuntacastellarano.it\/wp-2025\/wp-json\/wp\/v2\/pages\/2","targetHints":{"allow":["GET"]}}],"collection":[{"href":"https:\/\/www.psmassuntacastellarano.it\/wp-2025\/wp-json\/wp\/v2\/pages"}],"about":[{"href":"https:\/\/www.psmassuntacastellarano.it\/wp-2025\/wp-json\/wp\/v2\/types\/page"}],"author":[{"embeddable":true,"href":"https:\/\/www.psmassuntacastellarano.it\/wp-2025\/wp-json\/wp\/v2\/users\/1"}],"replies":[{"embeddable":true,"href":"https:\/\/www.psmassuntacastellarano.it\/wp-2025\/wp-json\/wp\/v2\/comments?post=2"}],"version-history":[{"count":23,"href":"https:\/\/www.psmassuntacastellarano.it\/wp-2025\/wp-json\/wp\/v2\/pages\/2\/revisions"}],"predecessor-version":[{"id":2206,"href":"https:\/\/www.psmassuntacastellarano.it\/wp-2025\/wp-json\/wp\/v2\/pages\/2\/revisions\/2206"}],"wp:attachment":[{"href":"https:\/\/www.psmassuntacastellarano.it\/wp-2025\/wp-json\/wp\/v2\/media?parent=2"}],"curies":[{"name":"wp","href":"https:\/\/api.w.org\/{rel}","templated":true}]}}